ide 1689941?
True
Is 48 a factor of 100896?
True
Is 36 a factor of 258198?
False
Is 898 a factor of 923144?
True
Is 709352 a multiple of 212?
True
Is 217 a factor of 359786?
True
Does 91 divide 2950137?
False
Is 354738 a multiple of 9?
False
Does 108 divide 1264539?
False
Is 38 a factor of 214092?
True
Is 22 a factor of 96599?
False
Is 434 a factor of 6728302?
True
Does 18 divide 33696?
True
Is 13149164 a multiple of 1677?
False
Is 37 a factor of 1571418?
False
Does 30 divide 78214?
False
Is 152064 a multiple of 132?
True
Is 459 a factor of 159732?
True
Is 18813923 a multiple of 107?
False
Is 66 a factor of 60060?
True
Does 52 divide 115575?
False
Is 869 a factor of 6154633?
False
Is 33720 a multiple of 4?
True
Does 78 divide 80730?
True
Is 282607 a multiple of 44?
False
Is 879360 a multiple of 8?
True
Is 78065 a multiple of 5?
True
Does 1328 divide 4761370?
False
Is 362278 a multiple of 13?
False
Does 23 divide 478904?
False
Does 23 divide 203738?
False
Does 377 divide 550420?
True
Is 14 a factor of 92120?
True
Is 763147 a multiple of 121?
True
Is 251 a factor of 395336?
False
Does 24 divide 4835244?
False
Is 1150685 a multiple of 59?
False
Does 53 divide 11392355?
False
Does 3 divide 30227?
False
Does 63 divide 57015?
True
Is 84722 a multiple of 22?
True
Does 5 divide 40645?
True
Is 49 a factor of 6198623?
False
Is 13479550 a multiple of 194?
False
Is 4 a factor of 512392?
True
Is 116685 a multiple of 87?
False
Is 423449 a multiple of 3?
False
Is 39 a factor of 264408?
False
Is 2544131 a multiple of 636?
False
Is 9 a factor of 134661?
False
Is 18 a factor of 1040670?
True
Is 308 a factor of 26765?
False
Is 96746 a multiple of 25?
False
Is 686845 a multiple of 777?
False
Does 505 divide 154025?
True
Is 14186 a multiple of 82?
True
Is 460576 a multiple of 778?
True
Is 77900 a multiple of 134?
False
Is 269819 a multiple of 10?
False
Is 2056359 a multiple of 15?
False
Is 147048 a multiple of 7?
False
Is 172 a factor of 50568?
True
Is 1162 a factor of 4403980?
True
Does 320 divide 299840?
True
Does 350 divide 211747?
False
Is 219 a factor of 779859?
True
Is 432 a factor of 493551?
False
Is 2729989 a multiple of 83?
False
Is 48846 a multiple of 14?
True
Does 40 divide 1559939?
False
Is 21 a factor of 1177793?
False
Is 400724 a multiple of 17?
True
Does 1345 divide 1405525?
True
Is 16832000 a multiple of 50?
True
Does 11 divide 2228952?
True
Is 53 a factor of 400873?
False
Is 348705 a multiple of 9?
True
Does 66 divide 86724?
True
Is 19 a factor of 488490?
True
Is 43 a factor of 1339924?
False
Does 7 divide 22638?
True
Does 32 divide 1754112?
True
Is 409240 a multiple of 98?
False
Does 4 divide 93833?
False
Is 2043520 a multiple of 80?
True
Does 29 divide 48036?
False
Does 52 divide 4289103?
False
Does 188 divide 281912?
False
Is 2782836 a multiple of 18?
True
Is 108704 a multiple of 172?
True
Does 18 divide 57276?
True
Is 49 a factor of 648296?
False
Is 342 a factor of 360810?
True
Is 112 a factor of 371168?
True
Is 863 a factor of 19904811?
False
Is 164 a factor of 40393?
False
Is 2 a factor of 22628?
True
Is 5 a factor of 3709?
False
Is 164190 a multiple of 26?
True
Is 46986 a multiple of 12?
False
Is 10377761 a multiple of 208?
False
Is 11 a factor of 46930?
False
Is 145 a factor of 871740?
True
Is 703 a factor of 839465?
False
Is 4 a factor of 1957216?
True
Does 143 divide 349587?
False
Is 41 a factor of 39483?
True
Is 190294 a multiple of 13?
True
Is 82658 a multiple of 74?
True
Does 21 divide 113148?
True
Is 6956254 a multiple of 26?
False
Is 146 a factor of 558304?
True
Is 276228 a multiple of 12?
True
Is 46 a factor of 17480?
True
Is 107 a factor of 3123774?
False
Is 310215 a multiple of 14?
False
Is 28 a factor of 300272?
True
Is 9 a factor of 578728?
False
Is 107 a factor of 8415316?
False
Does 4 divide 1272656?
True
Does 379 divide 182334?
False
Does 296 divide 355496?
True
Does 36 divide 5167332?
True
Does 58 divide 64206?
True
Does 28 divide 117065?
False
Is 912471 a multiple of 16?
False
Is 215230 a multiple of 219?
False
Is 5623387 a multiple of 1317?
False
Is 8582886 a multiple of 117?
True
Is 8 a factor of 27291?
False
Is 1672472 a multiple of 82?
True
Is 1658019 a multiple of 12?
False
Is 120915 even?
False
Is 142 a factor of 741524?
True
Does 426 divide 2803571?
False
Is 150 a factor of 19638150?
True
Is 435056 a multiple of 21?
False
Does 167 divide 2960075?
True
Is 1091304 a multiple of 92?
True
Is 1294 a factor of 1920090?
False
Is 59 a factor of 267300?
False
Is 78803 a multiple of 320?
False
Does 11 divide 67177?
True
Does 59 divide 65726?
True
Is 86 a factor of 31304?
True
Is 7748400 a multiple of 240?
True
Is 7293121 a multiple of 30?
False
Is 18 a factor of 11536757?
False
Does 15 divide 788600?
False
Does 15 divide 358263?
False
Is 9 a factor of 2644092?
True
Is 227805 a multiple of 233?
False
Is 251600 a multiple of 592?
True
Does 13 divide 786872?
False
Is 62 a factor of 24261158?
True
Does 140 divide 390460?
True
Is 526 a factor of 8097770?
True
Is 612455 a multiple of 60?
False
Is 1011717 a multiple of 477?
True
Is 42106 a multiple of 130?
False
Is 1883165 a multiple of 2?
False
Is 6494243 a multiple of 59?
False
Is 161851 a multiple of 352?
False
Is 237104 a multiple of 16?
True
Does 357 divide 7331066?
False
Is 6 a factor of 895986?
True
Is 43 a factor of 1839662?
False
Is 5837 a multiple of 17?
False
Does 43 divide 34873?
True
Is 1562511 a multiple of 3?
True
Does 343 divide 242501?
True
Is 94 a factor of 191950?
False
Does 4 divide 1137060?
True
Is 20326582 a multiple of 1264?
False
Is 213 a factor of 4855974?
True
Is 42 a factor of 1382346?
True
Does 15 divide 106200?
True
Does 54 divide 594864?
True
Is 705 a factor of 2595879?
False
Is 37 a factor of 18019?
True
Is 305 a factor of 77137?
False
Is 15 a factor of 742470?
True
Does 50 divide 4132900?
True
Does 7 divide 351819?
False
Is 158 a factor of 9039022?
True
Is 78143 a multiple of 13?
True
Is 74461 a multiple of 16?
False
Is 8 a factor of 38955?
False
Is 194934 a multiple of 318?
True
Is 3 a factor of 235116?
True
Does 31 divide 1071298?
True
Is 360 a factor of 1083600?
True
Does 3 divide 23805?
True
Does 128 divide 6082331?
False
Is 45152 a multiple of 34?
True
Is 2329110 a multiple of 126?
True
Is 32 a factor of 198151?
False
Is 182 a factor of 41395?
False
Is 13 a factor of 781621?
False
Does 118 divide 577586?
False
Does 725 divide 210250?
True
Does 6 divide 121537?
False
Is 1421987 a multiple of 292?
False
Is 17 a factor of 494849?
False
Is 317493 a multiple of 11?
True
Does 328 divide 1951745?
False
Is 13 a factor of 16114735?
True
Is 791 a factor of 3522666?
False
Is 213 a factor of 4513778?
False
Is 55 a factor of 59413?
False
Is 160132 a multiple of 133?
True
Is 12709055 a multiple of 48?
False
Does 12 divide 1654056?
True
Is 25 a factor of 117529?
False
Is 22 a factor of 29587?
False
Is 2899871 a multiple of 42?
False
Is 146 a factor of 4641632?
True
Is 619211 a multiple of 61?
True
Is 30 a factor of 259677?
False
Does 107 divide 1453759?
False
Does 1106 divide 6191388?
True
Does 345 divide 810405?
True
Does 10 divide 592840?
True
Is 14750 a multiple of 3?
False
Is 7679504 a multiple of 694?
False
Does 71 divide 156484?
True
Does 19 divide 38785?
False
Does 41 divide 2739456?
True
Is 45396 a multiple of 117?
True
Is 10 a factor of 280?
True
Does 10 divide 1293740?
True
Does 2068 divide 16709440?
True
Is 55 a factor of 715955?
False
Is 91993 a multiple of 3?
False
Does 10 divide 1083803?
False
Is 2696021 a multiple of 73?
False
Does 15 divide 296010?
True
Is 120 a factor of 633115?
False
Is 1668636 a multiple of 18?
True
Is 365 a factor of 19710?
True
Is 1212120 a multiple of 585?
True
Is 38 a factor of 19297008?
True
Is 94 a factor of 297366?
False
Is 132 a factor of 5430744?
True
Is 38996 a multiple of 209?
False
Does 47 divide 151365?
False
Is 3 a factor of 396663?
True
Is 113835 a multiple of 51?
False
Is 272 a factor of 27200?
True
Is 294 a factor of 1387192?
False
Is 33 a factor of 2746392?
True
Is 4 a factor of 314004?
True
Does 10 divide 152653?
False
Is 10 a factor of 590570?
True
Is 3 a factor of 85662?
True
Is 3099052 a multiple of 276?
False
Is 11724492 a multiple of 13?
True
Does 28 divide 2449633?
False
Is 145 a factor of 17690?